housands digit of 327842?
7
What is the millions digit of 1379035?
1
What is the hundred thousands digit of 322457?
3
What is the tens digit of 82882?
8
What is the hundred thousands digit of 118203?
1
What is the units digit of 2837956?
6
What is the ten thousands digit of 157607?
5
What is the millions digit of 3874207?
3
What is the hundreds digit of 400684?
6
What is the tens digit of 7427560?
6
What is the hundreds digit of 1896207?
2
What is the hundreds digit of 11652805?
8
What is the units digit of 3233764?
4
What is the hundreds digit of 107301?
3
What is the hundreds digit of 6940047?
0
What is the ten thousands digit of 1248666?
4
What is the millions digit of 1022708?
1
What is the ten thousands digit of 5573911?
7
What is the units digit of 2332150?
0
What is the hundreds digit of 1010885?
8
What is the tens digit of 6040262?
6
What is the ten thousands digit of 4621932?
2
What is the millions digit of 2174021?
2
What is the ten thousands digit of 309641?
0
What is the units digit of 1317611?
1
What is the units digit of 7444113?
3
What is the millions digit of 27352186?
7
What is the tens digit of 1969489?
8
What is the hundreds digit of 1683220?
2
What is the thousands digit of 5561?
5
What is the hundreds digit of 119283?
2
What is the tens digit of 8284943?
4
What is the thousands digit of 696206?
6
What is the thousands digit of 12880508?
0
What is the ten thousands digit of 10197066?
9
What is the tens digit of 850882?
8
What is the units digit of 409400?
0
What is the tens digit of 166220?
2
What is the tens digit of 1036559?
5
What is the hundred thousands digit of 525711?
5
What is the ten thousands digit of 265013?
6
What is the millions digit of 2182301?
2
What is the tens digit of 507089?
8
What is the hundreds digit of 48749?
7
What is the units digit of 3228821?
1
What is the thousands digit of 129560?
9
What is the hundred thousands digit of 1293389?
2
What is the hundreds digit of 22071778?
7
What is the hundreds digit of 17309865?
8
What is the tens digit of 804276?
7
What is the thousands digit of 1243728?
3
What is the ten thousands digit of 430986?
3
What is the tens digit of 34835?
3
What is the units digit of 2579000?
0
What is the hundreds digit of 2972722?
7
What is the ten thousands digit of 34163?
3
What is the millions digit of 3643356?
3
What is the tens digit of 238645?
4
What is the units digit of 198609?
9
What is the tens digit of 678430?
3
What is the hundred thousands digit of 370924?
3
What is the thousands digit of 658904?
8
What is the ten thousands digit of 3171417?
7
What is the units digit of 278482?
2
What is the hundred thousands digit of 553930?
5
What is the thousands digit of 616293?
6
What is the thousands digit of 1097694?
7
What is the millions digit of 1826453?
1
What is the thousands digit of 935074?
5
What is the units digit of 109563?
3
What is the units digit of 27882343?
3
What is the thousands digit of 22086989?
6
What is the hundreds digit of 360013?
0
What is the thousands digit of 3193103?
3
What is the tens digit of 1859856?
5
What is the hundreds digit of 531717?
7
What is the hundreds digit of 11592583?
5
What is the tens digit of 713179?
7
What is the tens digit of 5186689?
8
What is the hundred thousands digit of 306813?
3
What is the units digit of 2602702?
2
What is the thousands digit of 15803518?
3
What is the hundred thousands digit of 229726?
2
What is the thousands digit of 236113?
6
What is the hundreds digit of 785149?
1
What is the hundreds digit of 3023870?
8
What is the thousands digit of 1555284?
5
What is the units digit of 659210?
0
What is the millions digit of 11339736?
1
What is the units digit of 753345?
5
What is the hundreds digit of 246097?
0
What is the hundred thousands digit of 219101?
2
What is the thousands digit of 393064?
3
What is the hundreds digit of 14779370?
3
What is the hundred thousands digit of 1012844?
0
What is the ten thousands digit of 31189?
3
What is the tens digit of 42034?
3
What is the tens digit of 316331?
3
What is the thousands digit of 24159144?
9
What is the tens digit of 2435274?
7
What is the thousands digit of 3679045?
9
What is the hundred thousands digit of 323451?
3
What is the thousands digit of 489155?
9
What is the hundreds digit of 6183826?
8
What is the tens digit of 199378?
7
What is the tens digit of 42598?
9
What is the hundreds digit of 939387?
3
What is the thousands digit of 8689389?
9
What is the hundreds digit of 2065892?
8
What is the millions digit of 3302914?
3
What is the tens digit of 343350?
5
What is the ten thousands digit of 456687?
5
What is the units digit of 689404?
4
What is the ten thousands digit of 3983555?
8
What is the hundred thousands digit of 23650730?
6
What is the millions digit of 4497453?
4
What is the ten thousands digit of 1806200?
0
What is the ten thousands digit of 3284840?
8
What is the ten thousands digit of 1853915?
5
What is the units digit of 351082?
2
What is the units digit of 6652420?
0
What is the hundred thousands digit of 457255?
4
What is the ten thousands digit of 70372?
7
What is the thousands digit of 910843?
0
What is the hundreds digit of 2700505?
5
What is the tens digit of 1997958?
5
What is the ten thousands digit of 79879?
7
What is the hundred thousands digit of 3593927?
5
What is the hundred thousands digit of 500828?
5
What is the hundred thousands digit of 498506?
4
What is the tens digit of 1992101?
0
What is the hundreds digit of 1062095?
0
What is the hundreds digit of 1273839?
8
What is the thousands digit of 1113821?
3
What is the units digit of 983930?
0
What is the hundred thousands digit of 10978792?
9
What is the tens digit of 809563?
6
What is the tens digit of 540569?
6
What is the tens digit of 156445?
4
What is the thousands digit of 202436?
2
What is the hundreds digit of 220286?
2
What is the units digit of 577174?
4
What is the hundred thousands digit of 734999?
7
What is the tens digit of 76258?
5
What is the millions digit of 24119497?
4
What is the units digit of 105160?
0
What is the ten millions digit of 23237758?
2
What is the hundreds digit of 7512560?
5
What is the tens digit of 239204?
0
What is the thousands digit of 657041?
7
What is the hundred thousands digit of 6714340?
7
What is the hundred thousands digit of 2375002?
3
What is the hundred thousands digit of 828320?
8
What is the hundred thousands digit of 196034?
1
What is the hundred thousands digit of 2722736?
7
What is the units digit of 6624964?
4
What is the hundred thousands digit of 4841777?
8
What is the ten thousands digit of 1067063?
6
What is the millions digit of 4470998?
4
What is the hundreds digit of 10961577?
5
What is the hundred thousands digit of 1231122?
2
What is the units digit of 3614662?
2
What is the units digit of 287176?
6
What is the thousands digit of 46879?
6
What is the tens digit of 3937195?
9
What is the hundred thousands digit of 1311147?
3
What is the hundreds digit of 35589547?
5
What is the hundred thousands digit of 6957121?
9
What is the tens digit of 26235?
3
What is the units digit of 4147209?
9
What is the units digit of 963781?
1
What is the hundred thousands digit of 2036500?
0
What is the hundreds digit of 7926462?
4
What is the thousands digit of 71407?
1
What is the units digit of 5033468?
8
What is the thousands digit of 781556?
1
What is the thousands digit of 11208216?
8
What is the thousands digit of 306775?
6
What is the ten thousands digit of 4624672?
2
What is the hundreds digit of 3080854?
8
What is the thousands digit of 3215182?
5
What is the hundred thousands digit of 6073089?
0
What is the ten thousands digit of 67039?
6
What is the thousands digit of 2295?
2
What is the tens digit of 82402?
0
What is the tens digit of 285694?
9
What is the thousands digit of 10388920?
8
What is the hundred thousands digit of 238676?
2
What is the hundreds digit of 54865?
8
What is the ten thousands digit of 136410?
3
What is the thousands digit of 4179990?
9
What is the hundreds digit of 9384273?
2
What is the tens digit of 225937?
3
What is the thousands digit of 379829?
9
What is the millions digit of 26780205?
6
What is the thousands digit of 95836?
5
What is the hundreds digit of 1480290?
2
What is the ten thous